 (base 13) to base 6.
-2
85 (base 11) to base 16
5d
What is 2 (base 6) in base 9?
2
Convert 11011010 (base 2) to base 6.
1002
What is -3 (base 6) in base 11?
-3
3 (base 11) to base 8
3
-153 (base 6) to base 12
-59
3 (base 11) to base 13
3
What is -31 (base 4) in base 10?
-13
Convert 34 (base 9) to base 3.
1011
4 (base 6) to base 15
4
Convert -21 (base 3) to base 11.
-7
-2 (base 3) to base 9
-2
Convert 14 (base 13) to base 12.
15
What is -35 (base 16) in base 3?
-1222
a (base 12) to base 2
1010
-20 (base 12) to base 13
-1b
Convert -6 (base 14) to base 9.
-6
2 (base 9) to base 10
2
What is -1 (base 3) in base 6?
-1
What is 181 (base 10) in base 6?
501
What is -3 (base 14) in base 13?
-3
Convert 7 (base 16) to base 5.
12
-125 (base 6) to base 13
-41
What is 124 (base 6) in base 3?
1221
What is 4 (base 12) in base 14?
4
10 (base 2) to base 10
2
What is 3 (base 16) in base 3?
10
What is 82 (base 9) in base 6?
202
Convert -110 (base 2) to base 15.
-6
Convert -4a (base 13) to base 14.
-46
-101010 (base 2) to base 13
-33
What is -2b (base 14) in base 5?
-124
What is -2330 (base 4) in base 5?
-1223
What is -102 (base 3) in base 16?
-b
Convert -212 (base 5) to base 13.
-45
111 (base 3) to base 16
d
What is 315 (base 7) in base 15?
a9
Convert -13 (base 12) to base 4.
-33
2 (base 7) to base 15
2
-162 (base 8) to base 6
-310
212 (base 3) to base 5
43
15 (base 7) to base 12
10
Convert 1 (base 14) to base 6.
1
-1a (base 15) to base 5
-100
What is 11 (base 4) in base 8?
5
What is -1 (base 3) in base 16?
-1
What is 15 (base 6) in base 3?
102
What is 2 (base 14) in base 4?
2
Convert 1 (base 13) to base 3.
1
What is 0 (base 3) in base 10?
0
Convert -1 (base 5) to base 11.
-1
What is -203 (base 12) in base 3?
-101210
Convert 34 (base 8) to base 16.
1c
What is -b2 (base 15) in base 6?
-435
Convert 103 (base 5) to base 15.
1d
Convert 2 (base 3) to base 16.
2
-3 (base 11) to base 10
-3
What is -524 (base 6) in base 13?
-121
What is 23 (base 4) in base 14?
b
Convert 1b (base 16) to base 10.
27
8 (base 11) to base 13
8
Convert -3 (base 13) to base 2.
-11
-122 (base 12) to base 4
-2222
-12 (base 5) to base 7
-10
What is 3 (base 6) in base 12?
3
What is 24 (base 6) in base 13?
13
Convert -110 (base 2) to base 6.
-10
Convert -25 (base 12) to base 4.
-131
-14 (base 5) to base 11
-9
What is fb (base 16) in base 13?
164
What is 12 (base 9) in base 14?
b
Convert 6 (base 12) to base 2.
110
What is 26 (base 10) in base 4?
122
What is 36 (base 10) in base 6?
100
Convert -1 (base 16) to base 3.
-1
What is 14 (base 9) in base 6?
21
What is 521 (base 8) in base 10?
337
-1 (base 10) to base 5
-1
Convert 25 (base 7) to base 16.
13
2 (base 10) to base 4
2
-137 (base 8) to base 11
-87
What is -52 (base 13) in base 7?
-124
-18 (base 15) to base 16
-17
Convert 1 (base 12) to base 15.
1
17 (base 10) to base 9
18
-7 (base 10) to base 16
-7
186 (base 10) to base 14
d4
100000 (base 2) to base 14
24
2 (base 10) to base 6
2
Convert a0 (base 13) to base 4.
2002
Convert 14 (base 6) to base 12.
a
What is -4 (base 14) in base 6?
-4
23 (base 15) to base 5
113
2 (base 13) to base 10
2
What is -112 (base 5) in base 14?
-24
What is 38 (base 9) in base 12?
2b
Convert -12 (base 5) to base 9.
-7
-43 (base 5) to base 9
-25
What is 1 (base 14) in base 15?
1
26 (base 15) to base 10
36
-25 (base 15) to base 7
-50
What is -2013 (base 5) in base 4?
-10002
Convert -111 (base 5) to base 10.
-31
What is -21 (base 6) in base 5?
-23
Convert a (base 12) to base 10.
10
Convert 0 (base 9) to base 5.
0
What is 48 (base 14) in base 9?
71
What is 75 (base 9) in base 7?
125
Convert -5b (base 12) to base 3.
-2122
-10 (base 2) to base 10
-2
-1 (base 13) to base 11
-1
What is 3 (base 6) in base 8?
3
0 (base 2) to base 9
0
What is -117 (base 8) in base 3?
-2221
-95 (base 10) to base 15
-65
11 (base 7) to base 3
22
Convert -2022 (base 3) to base 9.
-68
What is -1 (base 8) in base 4?
-1
Convert 2 (base 5) to base 15.
2
Convert -14 (base 6) to base 15.
-a
Convert 22002 (base 3) to base 14.
118
Convert -b (base 16) to base 7.
-14
Convert 2221 (base 3) to base 14.
59
What is 323 (base 7) in base 15?
ae
Convert -3 (base 4) to base 6.
-3
What is -1 (base 16) in base 7?
-1
Convert -1 (base 10) to base 16.
-1
Convert 10 (base 3) to base 11.
3
21 (base 16) to base 10
33
What is -11000 (base 2) in base 16?
-18
Convert 40 (base 8) to base 3.
1012
Convert 432 (base 5) to base 4.
1311
Convert -2 (base 3) to base 2.
-10
What is 101 (base 7) in base 6?
122
Convert -12 (base 4) to base 16.
-6
What is 46 (base 10) in base 9?
51
Convert 13 (base 9) to base 4.
30
Convert 7 (base 8) to base 10.
7
-21 (base 16) to base 4
-201
What is 32 (base 8) in base 15?
1b
59 (base 10) to base 11
54
What is -1401 (base 6) in base 9?
-441
What is 4 (base 12) in base 16?
4
What is -621 (base 8) in base 13?
-24b
Convert 91 (base 11) to base 15.
6a
Convert 125 (base 12) to base 6.
445
What is -145 (base 7) in base 4?
-1102
What is -33 (base 6) in base 7?
-30
Convert -1122 (base 3) to base 2.
-101100
-36 (base 10) to base 9
-40
Convert 9a (base 11) to base 15.
74
-214 (base 12) to base 7
-613
-12 (base 3) to base 6
-5
0 (base 2) to base 11
0
Convert -10 (base 8) to base 12.
-8
302 (base 9) to base 7
500
245 (base 8) to base 14
bb
-244 (base 5) to base 6
-202
14 (base 13) to base 6
25
Convert 10 (base 4) to base 12.
4
3 (base 14) to base 10
3
What is 2 (base 6) in base 3?
2
What is 2 (base 7) in base 9?
2
What is -5 (base 11) in base 8?
-5
What is 250 (base 9) in base 14?
10b
Convert 4 (base 5) to base 6.
4
What is -40 (base 6) in base 10?
-24
Convert 110202 (base 3) to base 4.
11120
What is 83 (base 10) in base 6?
215
What is -1 (base 13) in base 4?
-1
1 (base 5) to base 13
1
Convert 54 (base 9) to base 4.
301
Convert -11 (base 16) to base 9.
-18
What is -35 (base 8) in base 5?
-104
Convert 10 (base 9) to base 16.
9
-2 (base 10) to base 2
-10
What is 0 (base 4) in base 13?
0
-130 (base 7) to base 10
-70
223 (base 4) to base 14
31
3 (base 13) to base 14
3
51 (base 7) to base 5
121
What is 2b (base 14) in base 2?
100111
105 (base 6) to base 11
38
What is 6 (base 12) in base 14?
6
What is 201 (base 3) in base 13?
16
111 (base 2) to base 9
7
-112 (base 6) to base 5
-134
What is -21 (base 5) in base 8?
-13
What is -321 (base 4) in base 12?
-49
What is -3 (base 5) in base 12?
-3
Convert 15 (base 7) to base 13.
c
What is 30 (base 13) in base 4?
213
What is 2 (base 3) in base 16?
2
22 (base 13) to base 11
26
Convert 111 (base 5) to base 13.
25
What is 7 (base 16) in base 7?
10
What is -a (base 11) in base 6?
-14
1111111 (base 2) to base 4
1333
-10 (base 6) to base 11
-6
What is 3c (base 13) in base 12?
43
Convert 83 (base 15) to base 5.
443
22 (base 11) to base 2
11000
0 (base 10) to base 13
0
3a (base 14) to base 11
48
Convert 241 (base 7) to base 16.
7f
Convert -200 (base 3) to base 14.
-14
Convert 3 (base 12) to base 16.
3
0 (base 7) to base 10
0
2230 (base 4) to base 15
b7
Convert 3 (base 7) to base 15.
3
Convert -3 (base 14) to base 4.
-3
3 (base 14) to base 5
3
Convert 35 (base 6) to base 3.
212
Convert -6 (base 8) to base 4.
-12
Convert 1 (base 4) to base 16.
1
Convert -2222 (base 3) to base 14.
-5a
Convert 1 (base 4) to base 15.
1
Convert -10 (base 5) to base 10.
-5
-aa (base 12) to base 5
-1010
What is -10001 (base 2) in base 9?
-18
What is 12 (base 6) in base 16?
8
Convert 10200 (base 3) to base 14.
71
-1 (base 10) to base 11
-1
What is 345 (base 7) in base 2?
10110100
1b (base 14) to base 2
11001
3 (base 11) to base 10
3
Convert 17 (base 16) to base 8.
27
What is -10 (base 8) in base 5?
-13
Convert 0 (base 5) to base 7.
0
What is 70 (base 15) in base 5?
410
Convert 2 (base 6) to base 12.
2
-11 (base 14) to base 9
-16
-18 (base 10) to base 5
-33
-28 (base 12) to base 15
-22
113 (base 6) to base 16
2d
Convert -2 (base 13) to base 5.
-2
-23 (base 7) to base 12
-15
-6 (base 12) to base 8
-6
44 (base 7) to base 14
24
What is -10 (base 2) in base 13?
-2
-7a (base 13) to base 5
-401
31 (base 6) to base 9
21
16 (base 7) to base 3
111
-65 (base 11) to base 9
-78
3 (base 13) to base 3
10
Convert 100100110 (base 2) to base 10.
294
-2321 (base 4) to base 15
-c5
What is -142 (base 6) in base 14?
-46
What is -3320 (base 4) in base 12?
-188
-1 (base 10) to base 16
-1
Wha